{"id":133,"date":"2014-01-24T09:43:13","date_gmt":"2014-01-24T09:43:13","guid":{"rendered":"http:\/\/ihmuseo.fi\/wp\/?page_id=133"},"modified":"2025-05-04T08:29:12","modified_gmt":"2025-05-04T08:29:12","slug":"museon-kokoelmat","status":"publish","type":"page","link":"https:\/\/ihmuseo.fi\/?page_id=133","title":{"rendered":"Museon kokoelmat"},"content":{"rendered":"<ul>\n<li><a href=\"http:\/\/ihmuseo.fi\/wp\/wp-content\/uploads\/2014\/01\/varasto.jpg\"><img decoding=\"async\" loading=\"lazy\" class=\"alignright size-full wp-image-134\" src=\"http:\/\/ihmuseo.fi\/wp\/wp-content\/uploads\/2014\/01\/varasto.jpg\" alt=\"Kokoelmat.\" width=\"220\" height=\"290\"><\/a>Valokuvakokoelma<\/li>\n<li>Kartanotavaroita<\/li>\n<li>Uuno Kailaan muistohuone<\/li>\n<li>Maila Talvion j\u00e4\u00e4mist\u00f6<\/li>\n<li>Talonpoikaisesineist\u00f6\u00e4<\/li>\n<li>Maanviljelysesineist\u00f6\u00e4<\/li>\n<li>Vuoksenrantaosasto<\/li>\n<li>Tri A. H\u00e4rdlin kokelma<\/li>\n<li>Von Gerdten suvun esineist\u00f6<\/li>\n<li>Tandefelsuvun esineist\u00f6<\/li>\n<li>Hartolan osuusmeijerin kokoelma<\/li>\n<li>Vappu ja Emil M\u00e4kisen j\u00e4\u00e4mist\u00f6<\/li>\n<li>Kirkollinen esineist\u00f6<\/li>\n<li>Tekstiilikokoelma<\/li>\n<li>Ryijykokoelma<\/li>\n<li>Nahkuri Tahtisen esineist\u00f6<\/li>\n<li>Vaatturi Silenin esineist\u00f6<\/li>\n<li>Turtiaisen parturi-kampaamoesineist\u00f6<\/li>\n<li>Apteekkikokoelma<\/li>\n<li>Kouluesineist\u00f6<\/li>\n<li>Marja-Liisa Swantzin arkisto<\/li>\n<\/ul>\n\n<div class=\"wp-block-image\">\n<figure class=\"aligncenter\"><a href=\"https:\/\/ihmuseo.fi\/wp\/wp-content\/uploads\/2025\/05\/museo_esite_2025_FINAL.pdf\" target=\"_blank\" rel=\"noreferrer noopener\"><img decoding=\"async\" loading=\"lazy\" width=\"210\" height=\"194\" src=\"http:\/\/ihmuseo.fi\/wp\/wp-content\/uploads\/2019\/07\/esiteikoni.png\" alt=\"\" class=\"wp-image-220\"\/><\/a><figcaption class=\"wp-element-caption\">Lis\u00e4\u00e4 tietoja kokoelmista.<\/figcaption><\/figure><\/div>","protected":false},"excerpt":{"rendered":"<p>Valokuvakokoelma Kartanotavaroita Uuno Kailaan muistohuone Maila Talvion j\u00e4\u00e4mist\u00f6 Talonpoikaisesineist\u00f6\u00e4 Maanviljelysesineist\u00f6\u00e4 Vuoksenrantaosasto Tri A. H\u00e4rdlin kokelma Von Gerdten suvun esineist\u00f6 Tandefelsuvun esineist\u00f6 Hartolan osuusmeijerin kokoelma Vappu ja Emil M\u00e4kisen j\u00e4\u00e4mist\u00f6 Kirkollinen esineist\u00f6 Tekstiilikokoelma Ryijykokoelma Nahkuri Tahtisen esineist\u00f6 Vaatturi Silenin esineist\u00f6 Turtiaisen parturi-kampaamoesineist\u00f6 Apteekkikokoelma Kouluesineist\u00f6 Marja-Liisa Swantzin arkisto<\/p>\n","protected":false},"author":1,"featured_media":0,"parent":0,"menu_order":0,"comment_status":"closed","ping_status":"open","template":"","meta":[],"_links":{"self":[{"href":"https:\/\/ihmuseo.fi\/index.php?rest_route=\/wp\/v2\/pages\/133"}],"collection":[{"href":"https:\/\/ihmuseo.fi\/index.php?rest_route=\/wp\/v2\/pages"}],"about":[{"href":"https:\/\/ihmuseo.fi\/index.php?rest_route=\/wp\/v2\/types\/page"}],"author":[{"embeddable":true,"href":"https:\/\/ihmuseo.fi\/index.php?rest_route=\/wp\/v2\/users\/1"}],"replies":[{"embeddable":true,"href":"https:\/\/ihmuseo.fi\/index.php?rest_route=%2Fwp%2Fv2%2Fcomments&post=133"}],"version-history":[{"count":6,"href":"https:\/\/ihmuseo.fi\/index.php?rest_route=\/wp\/v2\/pages\/133\/revisions"}],"predecessor-version":[{"id":438,"href":"https:\/\/ihmuseo.fi\/index.php?rest_route=\/wp\/v2\/pages\/133\/revisions\/438"}],"wp:attachment":[{"href":"https:\/\/ihmuseo.fi\/index.php?rest_route=%2Fwp%2Fv2%2Fmedia&parent=133"}],"curies":[{"name":"wp","href":"https:\/\/api.w.org\/{rel}","templated":true}]}}